uppose -1112 - 8772 = -4*c. Is c a prime number?
False
Let d be (4 - 1) + 80/1. Let q = d + 128. Is q a prime number?
True
Suppose -3*v = v + 36. Let n be 2/v - (-60)/27. Suppose n*x - 31 = 39. Is x a prime number?
False
Suppose 0 = -2*p + 647 + 191. Is p a composite number?
False
Let q(s) = s**2 - 3*s - 2. Let y be 27/(-6)*2/(-3). Let b be q(y). Let k(o) = 21*o**2 - o - 1. Is k(b) a prime number?
False
Let s = 9 - 12. Is 1/(s/(-1341)*3) composite?
False
Let t = 10 - 17. Is (-100)/t - 10/35 a composite number?
True
Suppose -16 - 4 = -5*c. Suppose c = 4*h + 44. Is ((-106)/4)/(5/h) a prime number?
True
Let h be (-25)/2*(-9 + -1). Let d = -48 + h. Is d prime?
False
Suppose 3*m - 5*y + 6 = 0, 4*m - y = -2*y - 8. Let l(h) = h**3 + 5*h**2 + h + 7. Let j be l(-5). Is -1 - (m - 12/j) composite?
False
Let f = 233 - -146. Is f prime?
True
Suppose -4*k - 14 = 18. Let f(d) = d**2 - 2*d + 3. Is f(k) a composite number?
False
Let d(w) be the first derivative of w**3 + 2*w**2 + 5*w - 1. Let o = -6 + 10. Is d(o) prime?
False
Let l = 224 + -126. Let k = l + -51. Suppose -2*o + 4*s = -32, -5*s = -o - 2*o + k. Is o composite?
True
Suppose 152 = 5*g + 3*p, -3*p = 5 - 17. Suppose -s - 3*s + g = 0. Is s composite?
False
Is (-11 + 13)*(-502)/(-4) a prime number?
True
Let k be (20/(-4))/(2 - 1). Let v be k/(5/3) + 3. Suppose 2*z = -v*z + 886. Is z a prime number?
True
Let t = 5702 + -3675. Is t a composite number?
False
Suppose k = p - 43, -7*k + 3*k = 3*p - 164. Suppose -3*l = -l - p. Suppose l = 2*q - 0*s + 2*s, 0 = 2*q + 4*s - 34. Is q prime?
True
Suppose -4*h - f = -2*f - 4594, -5*f - 4586 = -4*h. Is h a composite number?
True
Suppose 0 = -3*y + 5*v + 14 - 39, 0 = 2*y - 3*v + 15. Suppose y = -4*k + 3*s + 197, 2*s - 41 = -4*k + 3*k. Is k a prime number?
True
Let k = 284 - -89. Is k prime?
True
Suppose c + 4*q = -14, -2*c - q - 17 = -4*c. Suppose -2*u - 25 = -3*x, 11 = 3*x + 2*u - c. Let v = 10 - x. Is v a composite number?
False
Suppose a = -5*h - 12, -4*a + 0*a = 2*h + 48. Let r = a + 38. Is r composite?
True
Is (-5)/((-30)/2072) - (-28)/42 prime?
False
Let j(s) = s**2 + 2*s - 10. Is j(-9) composite?
False
Let x be 2/5 - 184/(-40). Suppose 4*j = -f + 26, -x*j = f + f - 49. Is f a composite number?
True
Let w(k) = -301*k**2 + 2*k + 1. Let z be w(-1). Let y = -22 - z. Suppose 4*f - 3*f + 60 = u, -y = -5*u - 5*f. Is u composite?
True
Let w be 0*(28/8 - 3). Suppose -3*j - 230 = -5*j + 4*g, j - g - 117 = w. Is j composite?
True
Let p(h) = 17*h**2 - 14*h + 8. Is p(9) composite?
False
Suppose -3*x = -5*x + 20. Let s be 1/(-2) + (-45)/x. Is (0 - s)*(5 - -12) a prime number?
False
Let b(s) be the first derivative of s**6/45 + s**5/20 - s**4/24 - s**3/3 - 2. Let u(i) be the third derivative of b(i). Is u(-5) prime?
False
Is (-3515)/(-25) - -3*2/15 composite?
True
Let r = 1 + 4. Suppose -r*y = -4*y - 53. Is y composite?
False
Let f(q) = 9*q**2 + 2*q - 1. Let c be f(3). Let x = c + -28. Is x a composite number?
True
Is (-2)/((-1)/(444/8)) prime?
False
Suppose 63 = v + i - 4*i, v = -i + 55. Is v a composite number?
True
Let y be -9*(20/(-12) + 1). Suppose 0 = -c - 3 + 2. Let k = y - c. Is k prime?
True
Let w be -6*(15/6 - 3). Suppose 2*r - 784 - 1515 = -w*j, 2*r = -j + 773. Is j prime?
False
Let a(x) = -x**3 + 1. Let b(r) = 4*r**3 - 3*r**2 + 7*r + 3. Let l(n) = -5*a(n) - b(n). Let i be l(-7). Let g = -76 - i. Is g a prime number?
True
Let t(g) = g**2 + 7*g - 12. Let z be t(-12). Let w = z - 27. Is w a composite number?
True
Let y = -5 + 414. Is y composite?
False
Suppose -2*x = x - 216. Let s = -32 + x. Suppose -2*v + c - 3*c + 36 = 0, -2*v + 2*c + s = 0. Is v composite?
False
Suppose k = 4*u - 707, u - 4*u - 3*k = -519. Suppose -2*l - 24 = -2*p + u, 5*l = -2*p + 221. Is p a prime number?
True
Let y = 6 - 26. Let z = 33 - y. Is z composite?
False
Let x be (-4 - 0)*(-2 - -1). Suppose -26 = -x*v + 66. Is v a prime number?
True
Let c(z) = z**2 + 9*z + 3. Let b be c(-9). Suppose 3*i - i + 30 = b*d, -i = 0. Is d a composite number?
True
Let v(o) = -59*o + 22. Is v(-23) composite?
True
Suppose -3 = 3*j - 15. Let y = 3 - -15. Suppose -y = -u + j. Is u a composite number?
True
Let s(q) be the third derivative of 47*q**5/60 - q**4/12 - q**3/6 - q**2. Let z be (4/(-10))/(3/15). Is s(z) a prime number?
True
Let u = 477 - -266. Is u a composite number?
False
Suppose 4*z + 1197 = 5*q, -611 - 343 = -4*q + 2*z. Let c = -26 + q. Is c a composite number?
False
Let y = -15 - -11. Let d(f) = 1 + f**2 + 4*f + 2 + 0. Is d(y) prime?
True
Let q(r) = -294*r + 9. Is q(-2) prime?
False
Let l(k) be the second derivative of -k**6/24 + k**5/30 - k**3/6 + k**2/2 - 2*k. Let q(n) be the first derivative of l(n). Is q(-2) a composite number?
False
Let v = -242 - -5425. Is v composite?
True
Suppose 5*t - 42 = 33. Let l be 0 - (2 - 2) - t. Is (10/(-3))/(5/l) a composite number?
True
Suppose 0*t - 2948 = -4*t. Is t prime?
False
Suppose -2*l = 4*f - 54, -3*l + f + 99 = l. Is l a prime number?
False
Suppose 4*m = 2*u - 768 + 294, 5*m = u - 237. Suppose -5*g + 2*g + u = 0. Is g a prime number?
True
Let k(r) = 2*r**3 - r**2 - 6*r - 2. Let f be 5 + 6/(-2) + 1. Let z(b) = 5*b**3 - 4*b**2 - 18*b - 6. Let u(y) = f*z(y) - 8*k(y). Is u(-5) prime?
True
Suppose -3*v = -8*v + 25. Suppose -3*o + 4*c - 6*c - 22 = 0, v*o = -2*c - 34. Is (94 - 0) + o/(-6) a prime number?
False
Suppose -44 = 2*v - 1072. Is v prime?
False
Suppose 0 = 4*l + 18 + 222. Let i = l + 91. Is i a composite number?
False
Let y(z) = 346*z - 25. Is y(6) composite?
True
Let r(j) be the second derivative of j**5/20 - j**4/2 - 5*j**3/6 - 2*j**2 + j. Is r(7) prime?
False
Suppose -3*d = 3386 - 10853. Is d a prime number?
False
Let f(i) = i**2 + 3*i + 4. Suppose 4*a + 4*z = 13 - 5, 3*a + 2*z - 8 = 0. Suppose -2 + 22 = -a*g. Is f(g) a prime number?
False
Let h = 46 + 13. Is h prime?
True
Let g be 180*((-6)/9)/(-1). Let k = 217 - g. Is k a composite number?
False
Let r(n) = 252*n - 7. Is r(3) a prime number?
False
Suppose -18 = 4*r - 6, -3*o - 4*r = -174. Let u = -212 - -320. Let p = u - o. Is p a composite number?
True
Let p(j) = 38*j - 13. Let h(m) = -m**3 + 3*m**2 + 2*m - 1. Let z be h(-2). Is p(z) composite?
False
Suppose -2*s - 322 = -4*s. Let h = s - 112. Is h prime?
False
Let k = 129 + -90. Is k prime?
False
Let w = 6 + -2. Suppose -2*r = -w - 268. Suppose -149 = -3*t + r. Is t a composite number?
True
Let v be 123/9 - 2/(-6). Let a = v + -7. Is a a composite number?
False
Let v(r) = -r**3 + 7*r**2 - 2*r + 8. Let y be v(7). Let d be 2/y - (-3)/9. Suppose l = -d*l + 22. Is l a prime number?
False
Suppose 5*w - 3*d = -6*d + 1481, 5*w - 1465 = 5*d. Is w a prime number?
False
Let v be 0 + 1 + 0 - -1890. Suppose 3*s - 2*b - 984 - 913 = 0, -3*s + v = b. Is s a prime number?
True
Suppose 3*j + j - 812 = 0. Is j prime?
False
Let b(o) = -o**3 - 2*o**2 + 6*o - 11. Is b(-6) a prime number?
True
Suppose -8*b - 10 = -13*b. Suppose -399 = -b*y + 19. Is y composite?
True
Let b be -2 + 1 - (-1 - 3). Suppose 63 = b*i - 36. Let c = i - 18. Is c a composite number?
True
Let g(i) = 5*i**2 - 2*i + 4. Let j be g(-3). Let x = -24 + j. Suppose 2*p - 3*p = 4*k - 124, -k + 5*p + x = 0. Is k composite?
False
Let p be -1 + 4*11 + 2. Suppose -4*o = o - p. Is 2/(-6) + 588/o a prime number?
False
Let d = 9654 + -6277. Is d a composite number?
True
Suppose 5*q + 4*z - 7 = 0, q = 2*z - 7*z - 7. Suppose 2*b + 2*b = 16. Suppose -n = 8*v - q*v + 12, 6 = -2*n - b*v. Is n composite?
False
Let a be 0/(1*2/1). Suppose a = 5*p - 9 - 1. Is -2 - 111/((-6)/p) prime?
False
Suppose -f + 4 = -1. Suppose h + 188 = f*h. Is h prime?
True
Let p(k) = -k + 3. Let h be p(3). Let g(c) = -4*c - 12 + h*c + 2*c. Is g(-8) a prime number?
False
Suppose -5*r = 1420 - 390. Let u = r + 351. Is u a prime number?
False
Is 122*1/((-8)/(-28)) composite?
True
Let c be 1*(6/3 - 2). Let o be (c - -801)*(-1 + 2). Suppose 5*g + 696 + 931 = 4*y, o = 2*y - 5*g. Is y a prime number?
False
Let w be 0/(-1) + 1/(-1). Let f = 2 + w. Is f*-3*(-14)/3 prime?
False
Suppose -t + 69 = -14. Is t a composite number?
False
Let a be 5/(0/1 - 1). Let k(g) = -33*g - 4. Is k(a) a prime number?
False
Let x be -1 + 1 - -2 - 1. Suppose -48 = -4*v + 4*o, -2*o + 3 = -5. Let b = v - x. Is b a composite number?
True
Let c = 1131 + 842. Is c a composi